
Let s be 24/15 + 3/(-5). Is s - -76*6/4 a composite number?
True
Let t = 228 - 127. Suppose 2*r + 4*k = 230, 3*r - 260 = 2*k + t. Is r a prime number?
False
Suppose 5*t + 5*k = k + 4, 5*k - 5 = -5*t. Is 3/((-6)/(-74)) - t a composite number?
False
Let r(z) = 6*z**3 + z - 3. Let p be r(-5). Is p/(-6) - (-18)/27 composite?
False
Let k(t) = -20*t - 1. Let i be k(-1). Suppose -d + 5*f = i - 97, -3*d = -4*f - 179. Is d a prime number?
True
Let x(r) = -r**3 + 13*r**2 + 14*r - 6. Let w be x(14). Let l(s) = 4*s**2 - s - 8 - 3*s**2 + 5*s. Is l(w) a composite number?
True
Let t = -4 + 6. Suppose 5*c + 5*b - 381 = 664, t*c - 424 = -4*b. Is c composite?
True
Suppose -4*b = 4*a - 2264, a - 2*b = 236 + 327. Is a a prime number?
False
Let g be (0 - (0 - 0))*1. Suppose g = -2*q + 4*q - 70. Is q a composite number?
True
Let j be (-5 - -1)/(2/(-7)). Suppose 2*h + 6 = 3*q, -3*q = -3*h - h. Suppose h*d + 4*o - 57 = -j, -2*o + 28 = 2*d. Is d a prime number?
True
Is (-1)/3 + 1124/6 a prime number?
False
Let i(c) = -2*c**3 - 3*c**2 + c**3 - 2*c + 3*c**2 - 3*c**2. Let b be i(-3). Suppose -b*x = -2*x - 28. Is x a prime number?
True
Suppose 0 = 2*c - 5*x - 26, 4*c + 5*x - 4*x = 8. Let u = 5 - c. Suppose -2*g + u*k = -106, -k - 2 = -2*k. Is g a composite number?
True
Suppose d + 257 = 2*d. Is d a composite number?
False
Let d(a) = 6*a**2 + 2*a - 4. Let p be d(4). Let f = p + -49. Is f composite?
True
Let i(d) = d**3 + 6*d**2 + d + 6. Let h be i(-6). Let r be (87 - 1) + (h - 0). Let q = r + -51. Is q prime?
False
Let x(n) = -n**2 + 1. Let k(i) = i**3 - 5*i**2 + 4*i - 3. Let p(a) = k(a) + 4*x(a). Is p(9) a prime number?
True
Let b(a) be the third derivative of a**5/4 - a**4/8 - a**3/6 + a**2. Let h = 2 + -4. Is b(h) a composite number?
True
Let s be (-2 + 3)*1/(-1). Let k(g) = -120*g + 1. Is k(s) a composite number?
True
Let a = -491 + 935. Let t = -123 + a. Is t composite?
True
Let x = 0 - -3. Suppose -m - 4 + x = 0. Is 1 + (-2)/m - 1 composite?
False
Suppose 5*i + 338 = u, -6*i + 3*i = 3*u - 1068. Suppose -3*p = 5*v - 5*p - 437, 4*v - u = 5*p. Is v composite?
True
Let b = 9 + -4. Suppose -b*v = -v - 16. Is (14/v + 0)*14 a prime number?
False
Suppose 3*w - 288 - 633 = 0. Is w a prime number?
True
Is (-13811)/(-9) + 32/72 composite?
True
Let i(w) be the first derivative of 7*w**3/3 - 3*w**2/2 + 1. Is i(2) prime?
False
Let i = 804 - 449. Is i a composite number?
True
Let p = 24 - 17. Let k(g) = -g**3 + 8*g**2 - 6*g - 4. Let y be k(p). Is (-45)/(-10)*2/y a composite number?
False
Suppose -5*s = -3*b - 81 - 23, s + 2*b - 13 = 0. Let y = 27 - s. Let h = y + 18. Is h a prime number?
False
Let y = -26 - -60. Let o = y + 3. Is o a composite number?
False
Suppose 0 = -6*c - 12. Is (-14322)/(-242) + c/11 prime?
True
Let t = -1 + 1. Suppose n - 3 = 3*c - 11, 4*n + 20 = t. Is (-1)/((-1)/c) - -32 a composite number?
True
Is (-718 + (-2 - -1))/((-3)/3) composite?
False
Let f = 1823 + -130. Is f composite?
False
Is 2/12*74 - 4/(-6) composite?
False
Let l(p) = 2*p**2 - 4*p - 1. Let q be l(4). Let c = q - -8. Let u = c - 1. Is u a composite number?
True
Let k(f) = -552*f - 17. Is k(-3) composite?
True
Suppose 4*r - 3*r - 3 = 0. Let a(o) = 8*o**3 + 3*o - 2. Is a(r) prime?
True
Let h = -191 + -230. Let n = h + 606. Is n a composite number?
True
Suppose -4*q = -11*t + 6*t - 1, 0 = 5*t - 5*q. Let n = 2 - t. Suppose -x = 2*w + 2*x - 18, -5*w + 45 = -n*x. Is w a composite number?
True
Let q be (-96)/(-15) - 6/15. Let m be ((-62)/(-4))/(1/q). Suppose 3*p = -0*p + m. Is p a prime number?
True
Let d be (3*-2)/(6/4). Is 86/d*(2 - 8) composite?
True
Suppose 4*y - 3812 = -4*j, 4*y - y = -6. Suppose 5*q - 687 = -x + 268, -x = -5*q + j. Is q a prime number?
True
Let i(s) = -45*s - 4. Let a(v) = -v. Let k(f) = 2*a(f) - i(f). Let j be k(-4). Let r = 331 + j. Is r a composite number?
False
Let b(p) = 7*p**2 - 6. Let j be b(-6). Suppose -3 = s - 6. Suppose -q = -3, -4*w - s*q = -w - j. Is w a prime number?
True
Is ((-1)/(-3))/((8/3036)/2) a prime number?
False
Let g = 196 + 555. Suppose 4 = y, -5*v + 4*y + g = -1128. Is v prime?
True
Let o(b) = 5*b**2 + 5*b - 9. Let y = -4 + 10. Is o(y) composite?
True
Suppose 0 = -6*g + 9*g - 867. Is g a prime number?
False
Suppose c = -0 + 3. Suppose c*q = q + 374. Is q a prime number?
False
Let c(f) = -f**3 + 3*f**2 + f - 4. Let h be c(4). Let o = 53 + h. Is o a prime number?
True
Let x = -370 + 665. Is x prime?
False
Suppose -5*q - 3*f + 30 = 78, 4*f = -2*q - 22. Let s = q + 16. Is s a composite number?
False
Is 7/28 - (-379)/4 a composite number?
True
Suppose -3*g + 195 = 2*g. Is g prime?
False
Let x = 1 - -2. Suppose 2*y = -x*y. Is 37 + (3 - 1) + y prime?
False
Suppose -4*s - 5*m - 275 = s, 2*m = 2*s + 126. Let x = -19 - s. Let h = 66 - x. Is h a composite number?
True
Suppose f + 3*f - 60 = 0. Let l = 41 - f. Is l composite?
True
Suppose 15*o - 12*o = -3132. Let b = o - -1483. Is b a composite number?
False
Is 0/(1 + -4) + 163 a prime number?
True
Suppose -174 = -5*o + 611. Is o composite?
False
Suppose -2*x = 4*q - 3*x + 1, 2*q + 3*x = 3. Suppose q = -4*k + 3 - 15, -n = k - 55. Is n composite?
True
Let o = 0 - 0. Suppose 3*v - 4*x - 380 = 0, 5*x + 2 = -23. Suppose -2*d + 146 + v = o. Is d composite?
True
Is ((-14)/8)/((-7)/28) a prime number?
True
Suppose -7 = -3*o + 5. Suppose 2*l + 586 = o*l. Is l a composite number?
False
Let k(p) = -5*p**3 + 4*p**2 + 15*p + 9. Is k(-10) a prime number?
False
Suppose 11 + 7 = 6*d. Is d a composite number?
False
Let s be 11 - (-2 - 3/3). Let b = 11 - s. Is 249 + (b - -4) + 3 composite?
True
Let o(t) = t**3 + 7*t**2 - 6*t - 7. Is o(10) a prime number?
False
Suppose 5*x - 1443 = -4*t, -x + 5*t + 124 + 182 = 0. Is x a composite number?
True
Is (((-80)/(-24))/(-10))/((-2)/5802) a prime number?
True
Let v = 12 + -8. Suppose 3*f = -v*y + 39, -2*f - 5*y - 39 = -5*f. Is f a composite number?
False
Let h(l) = -45*l + 10. Is h(-5) a composite number?
True
Let h = -2 + 0. Let w = 79 + h. Is w prime?
False
Suppose -2*i + 2355 = 3*i. Is i a prime number?
False
Let p(h) = -h**3 + 6*h**2. Let f be p(5). Let t = f + -17. Suppose -3*d + 0*a = 3*a - 999, 2*a - t = 0. Is d prime?
False
Let j(f) = f**2 - 3*f - 9. Let s be j(-7). Suppose 4*q = 5*c + s, -5*c - 23 = -0*q - 2*q. Is q a composite number?
False
Let h = 1008 + -595. Is h composite?
True
Let r be (0 - 0)/(7 + -5). Is (-2 + r - -1) + 498 prime?
False
Let x be (-3 - 24/(-4)) + 162. Suppose x = 5*t - 30. Is t prime?
False
Suppose g + 0*g - 1656 = -5*t, 2*t - 667 = -5*g. Is t composite?
False
Let a(m) = -m**3 - 3*m**2 + 4*m + 1. Let g be a(-4). Let q(x) = 2*x. Let o be q(g). Suppose -z = 5*y - 4*z - 1015, o*y = z + 406. Is y composite?
True
Let y be (-5)/((-60)/(-8))*-3. Suppose -800 = -0*t - t + 5*q, -1618 = -y*t + 4*q. Is t a composite number?
True
Let d(x) = 7*x + 4. Let i(z) = 14*z + 7. Let h(b) = 5*d(b) - 3*i(b). Suppose 2*y = 2*n + 4*y + 6, 1 = -3*n + y. Is h(n) a prime number?
False
Suppose g - 28 = 1221. Is g prime?
True
Let u(v) = 5*v + 3. Let w be u(-6). Let h = 398 + w. Let k = -154 + h. Is k a prime number?
False
Let y(n) = -n**2 + 22*n - 8. Is y(13) a prime number?
True
Suppose 0 = 9*h - 3*h - 210. Is h prime?
False
Suppose 12 = 4*i, 3*i - 477 + 184 = -4*v. Is v composite?
False
Let w(h) = h**3 - 8*h**2 + h - 6. Let y be w(8). Suppose -y*t + 0 = -10. Suppose 3*d - 1 = t. Is d prime?
True
Suppose -2*j + 578 = -5*y - 176, -1885 = -5*j + 3*y. Is j a composite number?
True
Let q(l) = l - 4. Let m be q(0). Let f(s) = -5*s - 5. Is f(m) prime?
False
Is (-181 - -2)*(0 + -5 + 4) composite?
False
Suppose 2*c - 4*a + 1182 = 0, 3*c = -2*c - a - 2977. Let i = -344 - c. Is i a prime number?
True
Let b = 199 - 127. Suppose 3*n = -5*m + 361, 2*n - b = -4*m + 166. Is n a prime number?
True
Suppose -f + 3*f - 2 = 0. Suppose 5*n = c + 2*c - 209, c = 4*n + 65. Is (c*4)/f - -3 prime?
False
Let t be ((-8)/3)/((-12)/18). Is (0 - -23)/(t/20) a composite number?
True
Let s = 6 + 0. Let u(b) = -b**3 + 8*b**2 - 8*b - 3. Is u(s) a composite number?
True
Let h(g) be the third derivative of -g**4/12 + g**3/3 - 3*g**2. Let r be h(-2). Suppose 4*l = -s + 117, r*s + 5*l = 3*s + 316. Is s prime?
True
Let b = -5 + 8. Is 0 + b*33/9 a composite number?
False
Let s(i) = i**2 - 11*i - 10. Let p be s(12). Suppose 